{"id":42,"date":"2015-11-23T20:50:27","date_gmt":"2015-11-23T18:50:27","guid":{"rendered":"http:\/\/88.148.137.104\/opiskelijat\/marjo\/pro01\/?page_id=42"},"modified":"2024-01-31T07:49:46","modified_gmt":"2024-01-31T05:49:46","slug":"yritys","status":"publish","type":"page","link":"https:\/\/www.hairmondo.fi\/?page_id=42","title":{"rendered":"Yritys"},"content":{"rendered":"<p style=\"text-align: left;\"><strong>Hair Mondo perustettu helmikuussa 2008 rakkaudesta hiuksiin.<\/strong><\/p>\n<p><a href=\"https:\/\/www.hairmondo.fi\/wp-content\/uploads\/2024\/01\/IMG_2198.jpg\"><img loading=\"lazy\" decoding=\"async\" class=\"alignright wp-image-354 size-full\" src=\"https:\/\/www.hairmondo.fi\/wp-content\/uploads\/2024\/01\/IMG_2198.jpg\" alt=\"\" width=\"500\" height=\"666\" \/><\/a><\/p>\n<p style=\"text-align: left;\">Intohimomme on hiukset ja tavoitteena tarjota laadukasta parturi-kampaamopalvelua. Kokonaisuus koostuu sinusta,\u00a0v\u00e4rist\u00e4 ja\u00a0leikkauksesta.<br \/>\nKonsultoimme kanssasi, jotta saat oman yksil\u00f6llisen tyylin johon on otettu huomioon vallitsevat trendit.<\/p>\n<p>L\u00f6yd\u00e4 rentouttava hetki arjen kiireiden keskell\u00e4 viihtyis\u00e4ss\u00e4 liikkeess\u00e4mme.<\/p>\n<p><strong><em>ME<br \/>\n<\/em><\/strong><\/p>\n<p style=\"text-align: left;\">Meid\u00e4n tiimi koostuu kolmesta parturi-kampaajasta,\u00a0joilta hoituu k\u00e4denk\u00e4\u00e4nteess\u00e4 my\u00f6s meikit niin arkeen kuin juhlaankin. Lis\u00e4ksi ammattitiimi\u00e4mme vahvistaa kynsiteknikko\u00a0bravuureineen.\u00a0Hair Mondo koostuu asiantuntevista osaajista, jotka ovat valmiita palvelemaan yksil\u00f6llisesti\u00a0ja joustavasti. Tarjoamme aikoja aikasin aamusta iltamy\u00f6h\u00e4\u00e4n.\u00a0Olemme aina iloisena vastassa sinua toiveitasi kuunnellen.<\/p>\n<p style=\"text-align: left;\">Kouluttaudumme jatkuvasti ja jatkamme kehittymist\u00e4 p\u00e4ivitt\u00e4in. Haluamme asiakkaamme\u00a0nauttivan hiuksistaan joka p\u00e4iv\u00e4 my\u00f6s kotona. Autamme l\u00f6yt\u00e4m\u00e4\u00e4n\u00a0<wbr \/>tuotevalikoimistamme parhaat hoito-ja muotoilutuotteet\u00a0juuri sinulle.<\/p>\n<p><em><strong>PALVELUT<\/strong><\/em><\/p>\n<ul>\n<li>Parturi- kampaamopalvelut<\/li>\n<li>Ripset ja kulmat<\/li>\n<li>Geelitkynnet, kestolakkaus &amp;<br \/>\nvarpaankynsien geelaus<\/li>\n<li>Meikit<\/li>\n<li>Hemmoteluhoidot<\/li>\n<li>Ryhmille; polttariporukat, lasten prinsessasyntt\u00e4rit,<br \/>\nnaistenillat ym. (sis. pienen tarjoilun)<\/li>\n<\/ul>\n","protected":false},"excerpt":{"rendered":"<p>Hair Mondo perustettu helmikuussa 2008 rakkaudesta hiuksiin. Intohimomme on hiukset ja tavoitteena tarjota laadukasta parturi-kampaamopalvelua. Kokonaisuus koostuu sinusta,\u00a0v\u00e4rist\u00e4 ja\u00a0leikkauksesta. Konsultoimme kanssasi, jotta saat oman yksil\u00f6llisen tyylin johon on otettu huomioon vallitsevat trendit. L\u00f6yd\u00e4 rentouttava hetki arjen kiireiden keskell\u00e4 viihtyis\u00e4ss\u00e4 liikkeess\u00e4mme. ME Meid\u00e4n tiimi koostuu kolmesta parturi-kampaajasta,\u00a0joilta hoituu k\u00e4denk\u00e4\u00e4nteess\u00e4 my\u00f6s meikit niin arkeen kuin juhlaankin. Lis\u00e4ksi [&hellip;]<\/p>\n","protected":false},"author":4,"featured_media":359,"parent":0,"menu_order":2,"comment_status":"closed","ping_status":"closed","template":"","meta":{"footnotes":""},"_links":{"self":[{"href":"https:\/\/www.hairmondo.fi\/index.php?rest_route=\/wp\/v2\/pages\/42"}],"collection":[{"href":"https:\/\/www.hairmondo.fi\/index.php?rest_route=\/wp\/v2\/pages"}],"about":[{"href":"https:\/\/www.hairmondo.fi\/index.php?rest_route=\/wp\/v2\/types\/page"}],"author":[{"embeddable":true,"href":"https:\/\/www.hairmondo.fi\/index.php?rest_route=\/wp\/v2\/users\/4"}],"replies":[{"embeddable":true,"href":"https:\/\/www.hairmondo.fi\/index.php?rest_route=%2Fwp%2Fv2%2Fcomments&post=42"}],"version-history":[{"count":8,"href":"https:\/\/www.hairmondo.fi\/index.php?rest_route=\/wp\/v2\/pages\/42\/revisions"}],"predecessor-version":[{"id":867,"href":"https:\/\/www.hairmondo.fi\/index.php?rest_route=\/wp\/v2\/pages\/42\/revisions\/867"}],"wp:featuredmedia":[{"embeddable":true,"href":"https:\/\/www.hairmondo.fi\/index.php?rest_route=\/wp\/v2\/media\/359"}],"wp:attachment":[{"href":"https:\/\/www.hairmondo.fi\/index.php?rest_route=%2Fwp%2Fv2%2Fmedia&parent=42"}],"curies":[{"name":"wp","href":"https:\/\/api.w.org\/{rel}","templated":true}]}}